{"id":1094,"date":"2024-05-10T12:15:35","date_gmt":"2024-05-10T17:15:35","guid":{"rendered":"https:\/\/lpv.edu.co\/web\/?page_id=1094"},"modified":"2025-10-15T10:35:16","modified_gmt":"2025-10-15T15:35:16","slug":"centro-para-la-indagacion-cpi","status":"publish","type":"page","link":"https:\/\/liceopinoverde.edu.co\/index.php\/centro-para-la-indagacion-cpi\/","title":{"rendered":"Centro para la Indagaci\u00f3n"},"content":{"rendered":"\n<div style=\"height:100px\" aria-hidden=\"true\" class=\"wp-block-spacer\"><\/div>\n\n\n\n<div class=\"wp-block-group has-global-padding is-layout-constrained wp-block-group-is-layout-constrained\">\n<blockquote class=\"wp-block-quote is-layout-flow wp-block-quote-is-layout-flow\">\n<p class=\"has-text-align-center has-medium-font-size\">Todo el mundo sabe qu\u00e9 son las bibliotecas y a qu\u00e9 se dedican los bibliotecarios, pero dado que han evolucionado<br>m\u00e1s de lo que mucha gente piensa, puede ser \u00fatil ver c\u00f3mo han cambiado y por qu\u00e9 siguen siendo pertinentes.<\/p>\n\n\n\n<p class=\"has-text-align-center has-medium-font-size\"><br>El fen\u00f3meno de imaginarse las bibliotecas tal como eran en el pasado se denomina \u201cnostalgia de la biblioteca\u201d, y<br>consiste en tener una percepci\u00f3n de la biblioteca o de los bibliotecarios que no siempre concuerda con la realidad<br>del siglo XXI.<\/p>\n<cite>Bibliotecas ideales: gu\u00eda para los colegios. (International Baccalaureate, 2018)<\/cite><\/blockquote>\n\n\n\n<figure class=\"wp-block-image size-full has-custom-border is-style-rounded is-style-rounded--1\"><a href=\"https:\/\/clickschool.info\/~app006\/sys_library_catalog.php\"><img loading=\"lazy\" decoding=\"async\" width=\"756\" height=\"338\" src=\"https:\/\/liceopinoverde.edu.co\/wp-content\/uploads\/2025\/02\/image.png\" alt=\"\" class=\"wp-image-5067\" style=\"border-width:1px;border-radius:8px\" srcset=\"https:\/\/liceopinoverde.edu.co\/wp-content\/uploads\/2025\/02\/image.png 756w, https:\/\/liceopinoverde.edu.co\/wp-content\/uploads\/2025\/02\/image-300x134.png 300w\" sizes=\"auto, (max-width: 756px) 100vw, 756px\" \/><\/a><\/figure>\n\n\n\n<div class=\"wp-block-buttons is-content-justification-center is-layout-flex wp-container-core-buttons-is-layout-1 wp-block-buttons-is-layout-flex\">\n<div class=\"wp-block-button has-custom-width wp-block-button__width-100 has-custom-font-size is-style-outline icon-text info has-large-font-size is-style-outline--2\"><a class=\"wp-block-button__link wp-element-button\" href=\"https:\/\/clickschool.info\/~app006\/sys_library_catalog.php\" target=\"_blank\" rel=\"noreferrer noopener\">Cat\u00e1logo en l\u00ednea<\/a><\/div>\n<\/div>\n\n\n\n<p><\/p>\n\n\n\n<p>El CPI del Liceo Pino Verde es un centro de recursos bibliogr\u00e1ficos y tecnol\u00f3gicos al servicio de estudiantes, profesores, directivos y personal en general de la instituci\u00f3n que apoya el proceso de ense\u00f1anza aprendizaje, en un espacio agradable, c\u00f3modo y confortable para tal fin. El CPI debe trabajar en conjunto con el personal docente en el desarrollo de habilidades de informaci\u00f3n y habilidades lectoras en los alumnos, para este efecto dispone de una variedad de materiales impresos, audiovisuales y did\u00e1cticos, como tambi\u00e9n de recursos tecnol\u00f3gicos (Tabletas, computadores y dispositivos para lectura digital), los cuales pone a disposici\u00f3n de la comunidad educativa.<\/p>\n\n\n\n<h2 class=\"wp-block-heading\">Servicios<\/h2>\n\n\n\n<ul class=\"wp-block-list\">\n<li>Pr\u00e9stamo de material bibliogr\u00e1fico, did\u00e1ctico y audiovisual en sala, dentro del establecimiento o a domicilio.<\/li>\n\n\n\n<li>Pr\u00e9stamo de dispositivos electr\u00f3nicos.<\/li>\n\n\n\n<li>Salas de lectura individual y grupal, para actividades grupales se reserva el espacio mediante el uso del formato GR-RG-10.<\/li>\n\n\n\n<li>Sala Audiovisual<\/li>\n\n\n\n<li>Rinc\u00f3n Infantil<\/li>\n\n\n\n<li>Inducci\u00f3n de usuarios nuevos: educaci\u00f3n para el uso adecuado y eficiente de los recursos del Centro Para la Indagaci\u00f3n.<\/li>\n\n\n\n<li>Servicio de Referencia: Asesor\u00eda en el uso y localizaci\u00f3n de la informaci\u00f3n.<\/li>\n\n\n\n<li>B\u00fasquedas Bibliogr\u00e1ficas: B\u00fasqueda de referencias bibliogr\u00e1ficas espec\u00edficas, dentro y fuera de la Biblioteca.<\/li>\n\n\n\n<li>Bibliobanco: Pr\u00e9stamo de los libros durante el a\u00f1o escolar.<\/li>\n<\/ul>\n\n\n\n<h2 class=\"wp-block-heading\">Colecciones<\/h2>\n\n\n\n<ul class=\"wp-block-list\">\n<li>Colecci\u00f3n de Referencia: diccionarios, enciclopedias, atlas, etc.<\/li>\n\n\n\n<li>Colecci\u00f3n General<\/li>\n\n\n\n<li>Literatura<\/li>\n\n\n\n<li>Hemeroteca: revistas, peri\u00f3dicos<\/li>\n\n\n\n<li>Audiovisuales<\/li>\n\n\n\n<li>Libros en formato Kindle<\/li>\n\n\n\n<li>Bibliobanco<\/li>\n\n\n\n<li>Fondo Ricardo Eastman<\/li>\n\n\n\n<li>Comicteca<\/li>\n\n\n\n<li>Dispositivos electr\u00f3nicos (Kindles,Calculadoras)<\/li>\n<\/ul>\n\n\n\n<h2 class=\"wp-block-heading\">Para tener en cuenta<\/h2>\n\n\n\n<ol class=\"wp-block-list\">\n<li>En el CPI fomentamos el atributo equilibrado por lo cual:<\/li>\n\n\n\n<li>Entendemos la importancia de equilibrar los diferentes aspectos de nuestras vidas, intelectuales, f\u00edsicos y emocionales, para lograr el bienestar para nosotros y para los dem\u00e1s. Reconocemos nuestra interdependencia con otras personas y con el mundo en que vivimos.<\/li>\n\n\n\n<li>Entendemos la importancia de equilibrar los diferentes aspectos de nuestras vidas, intelectuales, f\u00edsicos y emocionales, para lograr el bienestar para nosotros y para los dem\u00e1s. Reconocemos nuestra interdependencia con otras personas y con el mundo en que vivimos.<\/li>\n\n\n\n<li>Recuerda ingerir alimentos fuera del CPI, las bebidas se pueden consumir en recipientes herm\u00e9ticos con tapa de v\u00e1lvula y\/o pitillo.<\/li>\n\n\n\n<li>Sigue las instrucciones y se\u00f1alizaciones, en caso de dudas, cons\u00faltalo con el personal bibliotecario.<\/li>\n\n\n\n<li>Los libros se deben tratar con cuidado y responsabilidad. \u00dasalos con manos limpias y pasa las p\u00e1ginas suavemente.<\/li>\n\n\n\n<li>Los libros se deben tratar con cuidado y responsabilidad. \u00dasalos con manos limpias y pasa las p\u00e1ginas suavemente.<\/li>\n<\/ol>\n\n\n\n<div class=\"wp-block-buttons is-content-justification-center is-layout-flex wp-container-core-buttons-is-layout-2 wp-block-buttons-is-layout-flex\">\n<div class=\"wp-block-button has-custom-width wp-block-button__width-100 has-custom-font-size is-style-outline icon-text info has-medium-font-size is-style-outline--3\"><a class=\"wp-block-button__link has-text-align-left wp-element-button\" href=\"https:\/\/lpv.edu.co\/web\/wp-content\/uploads\/2024\/07\/Centro-Para-la-Indagacion-concepto-y-opciones-de-distribucion-espacial.pdf\" target=\"_blank\" rel=\"noreferrer noopener\">Din\u00e1micas de ense\u00f1anza y aprendizaje en el CPI<\/a><\/div>\n<\/div>\n\n\n\n<h2 class=\"wp-block-heading has-text-align-center\">Integridad Acad\u00e9mica<\/h2>\n\n\n\n<p>\u201cEl objetivo de la integridad acad\u00e9mica es dotar de<br>transparencia al conocimiento, la comprensi\u00f3n y el pensamiento. Asimismo, el<br>alumnado debe dominar los componentes t\u00e9cnicos de la integridad acad\u00e9mica, que<br>incluyen aprender a citar las referencias correctamente y utilizar con \u00e9tica la<br>informaci\u00f3n, las opiniones y las herramientas de inteligencia artificial (IA).\u201d<br><br>Pol\u00edtica de integridad acad\u00e9mica &#8211; Organizaci\u00f3n del Bachillerato Internacional, 2023<\/p>\n<\/div>\n\n\n\n<div class=\"wp-block-group has-global-padding is-layout-constrained wp-block-group-is-layout-constrained\">\n<div class=\"wp-block-buttons is-content-justification-left is-layout-flex wp-container-core-buttons-is-layout-3 wp-block-buttons-is-layout-flex\">\n<div class=\"wp-block-button has-custom-width wp-block-button__width-100 is-style-outline icon-text info is-style-outline--4\"><a class=\"wp-block-button__link has-text-align-center wp-element-button\" href=\"https:\/\/www.youtube.com\/watch?v=8c6TlbXKr30\">Instructivo para la automatizaci\u00f3n de citas y referencias<\/a><\/div>\n\n\n\n<div class=\"wp-block-button has-custom-width wp-block-button__width-100 is-style-outline icon-text info is-style-outline--5\"><a class=\"wp-block-button__link has-text-align-center wp-element-button\" href=\"https:\/\/drive.google.com\/drive\/folders\/1tzRjh2IOKboD2m6b_m1kjsAyjCE6b5gt?usp=sharing\">Integridad Vs improcedencia acad\u00e9mica<\/a><\/div>\n<\/div>\n<\/div>\n\n\n\n<div style=\"height:100px\" aria-hidden=\"true\" class=\"wp-block-spacer\"><\/div>\n","protected":false},"excerpt":{"rendered":"<p>Todo el mundo sabe qu\u00e9 son las bibliotecas y a qu\u00e9 se dedican los bibliotecarios, pero dado que han evolucionadom\u00e1s de lo que mucha gente piensa, puede ser \u00fatil ver c\u00f3mo han cambiado y por qu\u00e9 siguen siendo pertinentes. El fen\u00f3meno de imaginarse las bibliotecas tal como eran en el pasado se denomina \u201cnostalgia de [&hellip;]<\/p>\n","protected":false},"author":1,"featured_media":1095,"parent":0,"menu_order":0,"comment_status":"closed","ping_status":"closed","template":"","meta":{"footnotes":""},"class_list":["post-1094","page","type-page","status-publish","has-post-thumbnail","hentry"],"jetpack_sharing_enabled":true,"_links":{"self":[{"href":"https:\/\/liceopinoverde.edu.co\/index.php\/wp-json\/wp\/v2\/pages\/1094","targetHints":{"allow":["GET"]}}],"collection":[{"href":"https:\/\/liceopinoverde.edu.co\/index.php\/wp-json\/wp\/v2\/pages"}],"about":[{"href":"https:\/\/liceopinoverde.edu.co\/index.php\/wp-json\/wp\/v2\/types\/page"}],"author":[{"embeddable":true,"href":"https:\/\/liceopinoverde.edu.co\/index.php\/wp-json\/wp\/v2\/users\/1"}],"replies":[{"embeddable":true,"href":"https:\/\/liceopinoverde.edu.co\/index.php\/wp-json\/wp\/v2\/comments?post=1094"}],"version-history":[{"count":46,"href":"https:\/\/liceopinoverde.edu.co\/index.php\/wp-json\/wp\/v2\/pages\/1094\/revisions"}],"predecessor-version":[{"id":8494,"href":"https:\/\/liceopinoverde.edu.co\/index.php\/wp-json\/wp\/v2\/pages\/1094\/revisions\/8494"}],"wp:featuredmedia":[{"embeddable":true,"href":"https:\/\/liceopinoverde.edu.co\/index.php\/wp-json\/wp\/v2\/media\/1095"}],"wp:attachment":[{"href":"https:\/\/liceopinoverde.edu.co\/index.php\/wp-json\/wp\/v2\/media?parent=1094"}],"curies":[{"name":"wp","href":"https:\/\/api.w.org\/{rel}","templated":true}]}}