{"id":1126,"date":"2024-05-15T08:13:43","date_gmt":"2024-05-15T13:13:43","guid":{"rendered":"https:\/\/lpv.edu.co\/web\/?page_id=1126"},"modified":"2026-04-14T10:52:45","modified_gmt":"2026-04-14T15:52:45","slug":"modelo-educacion-virtual","status":"publish","type":"page","link":"https:\/\/liceopinoverde.edu.co\/index.php\/modelo-educacion-virtual\/","title":{"rendered":"Hybred &#8211; Estrategia H\u00edbrida Educativa"},"content":{"rendered":"\n<div class=\"wp-block-group is-layout-flow wp-block-group-is-layout-flow\">\n<div class=\"wp-block-columns is-layout-flex wp-container-core-columns-is-layout-1 wp-block-columns-is-layout-flex\">\n<div class=\"wp-block-column is-layout-flow wp-block-column-is-layout-flow\"><\/div>\n\n\n\n<div class=\"wp-block-column is-layout-flow wp-block-column-is-layout-flow\"><\/div>\n\n\n\n<div class=\"wp-block-column is-layout-flow wp-block-column-is-layout-flow\"><\/div>\n\n\n\n<div class=\"wp-block-column is-layout-flow wp-block-column-is-layout-flow\"><\/div>\n<\/div>\n<\/div>\n\n\n\n<p class=\"has-text-align-center has-heading-font-family has-x-large-font-size\" style=\"line-height:1.2\">Tu futuro es color<br><strong>celeste<\/strong>&nbsp;y&nbsp;<strong>violeta<\/strong>.<\/p>\n\n\n\n<p>Hybr-ED est\u00e1 reinventando la educaci\u00f3n. Con m\u00e1s de 20 a\u00f1os de innovaci\u00f3n, combinamos flexibilidad, personalizaci\u00f3n y est\u00e1ndares globales para empoderar a los estudiantes a aprender en cualquier momento y lugar. Nuestra Estrategia Semipresencial H\u00edbrida integra tecnolog\u00eda, neurociencia y conexi\u00f3n humana para preparar a los j\u00f3venes como l\u00edderes creativos, \u00e9ticos y listos para el futuro.<\/p>\n\n\n\n<h2 class=\"wp-block-heading has-text-align-center\"><strong>\u00bfA qui\u00e9n va dirigido?<\/strong><\/h2>\n\n\n\n<figure class=\"wp-block-image size-large\"><img loading=\"lazy\" decoding=\"async\" width=\"1024\" height=\"372\" src=\"https:\/\/liceopinoverde.edu.co\/wp-content\/uploads\/2026\/03\/A-quien-va-dirigido-todos-3-1-1024x372.png\" alt=\"\" class=\"wp-image-8954\" srcset=\"https:\/\/liceopinoverde.edu.co\/wp-content\/uploads\/2026\/03\/A-quien-va-dirigido-todos-3-1-1024x372.png 1024w, https:\/\/liceopinoverde.edu.co\/wp-content\/uploads\/2026\/03\/A-quien-va-dirigido-todos-3-1-300x109.png 300w, https:\/\/liceopinoverde.edu.co\/wp-content\/uploads\/2026\/03\/A-quien-va-dirigido-todos-3-1-768x279.png 768w, https:\/\/liceopinoverde.edu.co\/wp-content\/uploads\/2026\/03\/A-quien-va-dirigido-todos-3-1-1536x557.png 1536w, https:\/\/liceopinoverde.edu.co\/wp-content\/uploads\/2026\/03\/A-quien-va-dirigido-todos-3-1.png 1769w\" sizes=\"auto, (max-width: 1024px) 100vw, 1024px\" \/><\/figure>\n\n\n\n<hr class=\"wp-block-separator has-alpha-channel-opacity\"\/>\n\n\n\n<figure class=\"wp-block-image aligncenter size-full is-resized\"><a href=\"https:\/\/clickschool.info\/~app006\/self-enlistment\/auth\"><img loading=\"lazy\" decoding=\"async\" width=\"722\" height=\"164\" src=\"https:\/\/liceopinoverde.edu.co\/wp-content\/uploads\/2026\/03\/Solicita-tu-cita.png\" alt=\"\" class=\"wp-image-8955\" style=\"width:280px;height:auto\" srcset=\"https:\/\/liceopinoverde.edu.co\/wp-content\/uploads\/2026\/03\/Solicita-tu-cita.png 722w, https:\/\/liceopinoverde.edu.co\/wp-content\/uploads\/2026\/03\/Solicita-tu-cita-300x68.png 300w\" sizes=\"auto, (max-width: 722px) 100vw, 722px\" \/><\/a><\/figure>\n\n\n\n<figure class=\"wp-block-image size-large\"><img loading=\"lazy\" decoding=\"async\" width=\"1024\" height=\"435\" src=\"https:\/\/liceopinoverde.edu.co\/wp-content\/uploads\/2026\/03\/Banner-Historias-que-inspiran-1-1024x435.png\" alt=\"\" class=\"wp-image-8956\" srcset=\"https:\/\/liceopinoverde.edu.co\/wp-content\/uploads\/2026\/03\/Banner-Historias-que-inspiran-1-1024x435.png 1024w, https:\/\/liceopinoverde.edu.co\/wp-content\/uploads\/2026\/03\/Banner-Historias-que-inspiran-1-300x127.png 300w, https:\/\/liceopinoverde.edu.co\/wp-content\/uploads\/2026\/03\/Banner-Historias-que-inspiran-1-768x326.png 768w, https:\/\/liceopinoverde.edu.co\/wp-content\/uploads\/2026\/03\/Banner-Historias-que-inspiran-1-1536x652.png 1536w, https:\/\/liceopinoverde.edu.co\/wp-content\/uploads\/2026\/03\/Banner-Historias-que-inspiran-1.png 1921w\" sizes=\"auto, (max-width: 1024px) 100vw, 1024px\" \/><\/figure>\n\n\n\n<div class=\"wp-block-columns is-layout-flex wp-container-core-columns-is-layout-2 wp-block-columns-is-layout-flex\">\n<div class=\"wp-block-column is-layout-flow wp-block-column-is-layout-flow\">\n<div style=\"max-width:800px; margin:auto;\">\n  <video controls poster=\"https:\/\/liceopinoverde.edu.co\/wp-content\/uploads\/2026\/03\/Portada-Violeta-elige-a-Hybred.png\" style=\"width:100%; height:auto;\">\n    <source src=\"https:\/\/liceopinoverde.edu.co\/wp-content\/uploads\/2026\/03\/Violeta-Gonzalez-Hybred.mp4\" type=\"video\/mp4\">\n    Tu navegador no soporta el video.\n  <\/video>\n<\/div>\n<\/div>\n\n\n\n<div class=\"wp-block-column is-layout-flow wp-block-column-is-layout-flow\">\n<div style=\"max-width:800px; margin:auto;\">\n  <video controls poster=\"https:\/\/liceopinoverde.edu.co\/wp-content\/uploads\/2026\/03\/Portada-Jeronimo-Tenista.png\" style=\"width:100%; height:auto;\">\n    <source src=\"https:\/\/liceopinoverde.edu.co\/wp-content\/uploads\/2026\/03\/Jeronimo-Hybred.mp4\" type=\"video\/mp4\">\n    Tu navegador no soporta el video.\n  <\/video>\n<\/div>\n<\/div>\n\n\n\n<div class=\"wp-block-column is-layout-flow wp-block-column-is-layout-flow\">\n<div style=\"max-width:800px; margin:auto;\">\n  <video controls poster=\"https:\/\/liceopinoverde.edu.co\/wp-content\/uploads\/2026\/03\/Portada-Portada-Simon-Polanco.png\" style=\"width:100%; height:auto;\">\n    <source src=\"https:\/\/liceopinoverde.edu.co\/wp-content\/uploads\/2026\/03\/Simon-Polanco.mp4\" type=\"video\/mp4\">\n    Tu navegador no soporta el video.\n  <\/video>\n<\/div>\n<\/div>\n<\/div>\n\n\n\n<hr class=\"wp-block-separator has-alpha-channel-opacity\"\/>\n\n\n\n<div class=\"wp-block-buttons is-layout-flex wp-block-buttons-is-layout-flex\"><\/div>\n\n\n\n<figure class=\"wp-block-image aligncenter size-large is-resized\"><a href=\"https:\/\/hybred.edu.co\/\"><img loading=\"lazy\" decoding=\"async\" width=\"1024\" height=\"132\" src=\"https:\/\/liceopinoverde.edu.co\/wp-content\/uploads\/2026\/03\/Conoce-mas-1024x132.png\" alt=\"\" class=\"wp-image-8958\" style=\"width:416px;height:auto\" srcset=\"https:\/\/liceopinoverde.edu.co\/wp-content\/uploads\/2026\/03\/Conoce-mas-1024x132.png 1024w, https:\/\/liceopinoverde.edu.co\/wp-content\/uploads\/2026\/03\/Conoce-mas-300x39.png 300w, https:\/\/liceopinoverde.edu.co\/wp-content\/uploads\/2026\/03\/Conoce-mas-768x99.png 768w, https:\/\/liceopinoverde.edu.co\/wp-content\/uploads\/2026\/03\/Conoce-mas.png 1283w\" sizes=\"auto, (max-width: 1024px) 100vw, 1024px\" \/><\/a><\/figure>\n\n\n\n<div class=\"wp-block-group block-quick-access has-contrast-2-background-color has-background is-layout-flow wp-block-group-is-layout-flow\">\n<div style=\"height:24px\" aria-hidden=\"true\" class=\"wp-block-spacer wave-white\"><\/div>\n\n\n\n<h2 class=\"wp-block-heading has-text-align-center has-base-color has-text-color has-link-color wp-elements-408c63071f51a1f223824fa3b128fe58\">Accesos r\u00e1pidos<\/h2>\n\n\n\n<div class=\"wp-block-group is-nowrap is-layout-flex wp-container-core-group-is-layout-2 wp-block-group-is-layout-flex\">\n<div aria-hidden=\"true\" class=\"wp-block-spacer wp-container-content-1\"><\/div>\n\n\n\n<div class=\"wp-block-buttons top-menu-buttons is-content-justification-space-between is-layout-flex wp-container-core-buttons-is-layout-2 wp-block-buttons-is-layout-flex\">\n<div class=\"wp-block-button icon-text clickschool is-style-outline is-style-outline--1\"><a class=\"wp-block-button__link wp-element-button\" href=\"https:\/\/clickschool.info\/~app006\" target=\"_blank\" rel=\"noreferrer noopener\">Clickschool<\/a><\/div>\n\n\n\n<div class=\"wp-block-button icon-text claseweb is-style-outline is-style-outline--2\"><a class=\"wp-block-button__link wp-element-button\" href=\"https:\/\/hybred.edu.co\/App\/?site=virtual#\/login\" target=\"_blank\" rel=\"noreferrer noopener\">Claseweb Virtual<\/a><\/div>\n<\/div>\n\n\n\n<div aria-hidden=\"true\" class=\"wp-block-spacer wp-container-content-2\"><\/div>\n<\/div>\n\n\n\n<div style=\"height:24px\" aria-hidden=\"true\" class=\"wp-block-spacer\"><\/div>\n\n\n\n<div style=\"height:24px\" aria-hidden=\"true\" class=\"wp-block-spacer wave-bottom-blue bg-white\"><\/div>\n<\/div>\n\n\n\n<p><\/p>\n","protected":false},"excerpt":{"rendered":"<p>Tu futuro es colorceleste&nbsp;y&nbsp;violeta. Hybr-ED est\u00e1 reinventando la educaci\u00f3n. Con m\u00e1s de 20 a\u00f1os de innovaci\u00f3n, combinamos flexibilidad, personalizaci\u00f3n y est\u00e1ndares globales para empoderar a los estudiantes a aprender en cualquier momento y lugar. Nuestra Estrategia Semipresencial H\u00edbrida integra tecnolog\u00eda, neurociencia y conexi\u00f3n humana para preparar a los j\u00f3venes como l\u00edderes creativos, \u00e9ticos y listos [&hellip;]<\/p>\n","protected":false},"author":1,"featured_media":1149,"parent":0,"menu_order":0,"comment_status":"closed","ping_status":"closed","template":"","meta":{"footnotes":""},"class_list":["post-1126","page","type-page","status-publish","has-post-thumbnail","hentry"],"jetpack_sharing_enabled":true,"_links":{"self":[{"href":"https:\/\/liceopinoverde.edu.co\/index.php\/wp-json\/wp\/v2\/pages\/1126","targetHints":{"allow":["GET"]}}],"collection":[{"href":"https:\/\/liceopinoverde.edu.co\/index.php\/wp-json\/wp\/v2\/pages"}],"about":[{"href":"https:\/\/liceopinoverde.edu.co\/index.php\/wp-json\/wp\/v2\/types\/page"}],"author":[{"embeddable":true,"href":"https:\/\/liceopinoverde.edu.co\/index.php\/wp-json\/wp\/v2\/users\/1"}],"replies":[{"embeddable":true,"href":"https:\/\/liceopinoverde.edu.co\/index.php\/wp-json\/wp\/v2\/comments?post=1126"}],"version-history":[{"count":67,"href":"https:\/\/liceopinoverde.edu.co\/index.php\/wp-json\/wp\/v2\/pages\/1126\/revisions"}],"predecessor-version":[{"id":8995,"href":"https:\/\/liceopinoverde.edu.co\/index.php\/wp-json\/wp\/v2\/pages\/1126\/revisions\/8995"}],"wp:featuredmedia":[{"embeddable":true,"href":"https:\/\/liceopinoverde.edu.co\/index.php\/wp-json\/wp\/v2\/media\/1149"}],"wp:attachment":[{"href":"https:\/\/liceopinoverde.edu.co\/index.php\/wp-json\/wp\/v2\/media?parent=1126"}],"curies":[{"name":"wp","href":"https:\/\/api.w.org\/{rel}","templated":true}]}}