{"id":923,"date":"2024-05-08T16:01:43","date_gmt":"2024-05-08T21:01:43","guid":{"rendered":"https:\/\/lpv.edu.co\/web\/?page_id=923"},"modified":"2024-08-06T11:06:11","modified_gmt":"2024-08-06T16:06:11","slug":"primaria","status":"publish","type":"page","link":"https:\/\/liceopinoverde.edu.co\/index.php\/primaria\/","title":{"rendered":"Primaria"},"content":{"rendered":"\n<div class=\"wp-block-group alignfull bg-pattern has-base-color has-accent-background-color has-text-color has-background has-link-color wp-elements-5f0304bd2f9bb9dbdb6559eb955de5c5 has-global-padding is-layout-constrained wp-container-core-group-is-layout-1 wp-block-group-is-layout-constrained\" style=\"margin-top:0;margin-bottom:0;padding-top:var(--wp--preset--spacing--50);padding-right:var(--wp--preset--spacing--50);padding-bottom:var(--wp--preset--spacing--50);padding-left:var(--wp--preset--spacing--50)\">\n<p class=\"has-heading-font-family has-x-large-font-size\" style=\"line-height:1.2\">Abre sus puertas desde el grado 2\u00ba  hasta el grado 5\u00ba, para ni\u00f1os y ni\u00f1as entre edades de 7 a 11 a\u00f1os<\/p>\n\n\n\n<div style=\"height:var(--wp--preset--spacing--40)\" aria-hidden=\"true\" class=\"wp-block-spacer\"><\/div>\n\n\n\n<figure class=\"wp-block-image alignwide size-large is-style-rounded is-style-rounded--1\"><img loading=\"lazy\" decoding=\"async\" width=\"1024\" height=\"683\" src=\"https:\/\/lpv.edu.co\/web\/wp-content\/uploads\/2024\/05\/DSC_3728-scaled-1-1024x683.jpg\" alt=\"\" class=\"wp-image-924\" srcset=\"https:\/\/liceopinoverde.edu.co\/wp-content\/uploads\/2024\/05\/DSC_3728-scaled-1-1024x683.jpg 1024w, https:\/\/liceopinoverde.edu.co\/wp-content\/uploads\/2024\/05\/DSC_3728-scaled-1-300x200.jpg 300w, https:\/\/liceopinoverde.edu.co\/wp-content\/uploads\/2024\/05\/DSC_3728-scaled-1-768x512.jpg 768w, https:\/\/liceopinoverde.edu.co\/wp-content\/uploads\/2024\/05\/DSC_3728-scaled-1-1536x1025.jpg 1536w, https:\/\/liceopinoverde.edu.co\/wp-content\/uploads\/2024\/05\/DSC_3728-scaled-1-2048x1366.jpg 2048w\" sizes=\"auto, (max-width: 1024px) 100vw, 1024px\" \/><\/figure>\n<\/div>\n\n\n\n<div class=\"wp-block-group bg-texture-lpv-left has-global-padding is-layout-constrained wp-block-group-is-layout-constrained\">\n<div class=\"wp-block-group school-program-ib-block is-layout-flow wp-block-group-is-layout-flow\">\n<div class=\"wp-block-group has-global-padding is-layout-constrained wp-block-group-is-layout-constrained\" style=\"padding-top:var(--wp--preset--spacing--40);padding-bottom:var(--wp--preset--spacing--40)\">\n<h2 class=\"wp-block-heading has-text-align-center\">Somos Colegio del Mundo del IB<\/h2>\n\n\n\n<figure class=\"wp-block-image aligncenter\"><img loading=\"lazy\" decoding=\"async\" width=\"481\" height=\"189\" src=\"https:\/\/lpv.edu.co\/web\/wp-content\/uploads\/2024\/04\/PYP-Program.png\" alt=\"\" class=\"wp-image-380\" srcset=\"https:\/\/liceopinoverde.edu.co\/wp-content\/uploads\/2024\/04\/PYP-Program.png 481w, https:\/\/liceopinoverde.edu.co\/wp-content\/uploads\/2024\/04\/PYP-Program-300x118.png 300w\" sizes=\"auto, (max-width: 481px) 100vw, 481px\" \/><\/figure>\n\n\n\n<p>Programa destinado a alumnos de 3 a 12 a\u00f1os y les permite formarse y desarrollarse para expresar sus opiniones, realizar elecciones y asumir responsabilidades respecto de su propio aprendizaje.<\/p>\n<\/div>\n<\/div>\n\n\n\n<div class=\"wp-block-group has-global-padding is-layout-constrained wp-block-group-is-layout-constrained\">\n<p class=\"has-body-font-family has-x-large-font-size\" style=\"line-height:1.2\">Los estudiantes exploran las conexiones entre diferentes \u00e1reas del conocimiento y aplican sus habilidades de manera contextualizada<\/p>\n\n\n\n<div class=\"wp-block-columns is-layout-flex wp-container-core-columns-is-layout-1 wp-block-columns-is-layout-flex\">\n<div class=\"wp-block-column is-layout-flow wp-block-column-is-layout-flow\">\n<p>Disponemos un ambiente seguro, confiable, con espacios de aprendizaje interesantes, respetuosos, motivadores y retadores que ponen a prueba sus habilidades desde la participaci\u00f3n y los procesos diferenciados.<\/p>\n<\/div>\n\n\n\n<div class=\"wp-block-column is-layout-flow wp-block-column-is-layout-flow\">\n<p>Contamos con un equipo de docentes profesionales que acercan a los estudiantes de manera natural al aprendizaje biling\u00fce, art\u00edstico, deportivo y tecnol\u00f3gico que los llena de herramientas para ser ciudadanos del mundo.<\/p>\n<\/div>\n<\/div>\n\n\n\n<div style=\"height:24px\" aria-hidden=\"true\" class=\"wp-block-spacer\"><\/div>\n<\/div>\n<\/div>\n\n\n\n<div class=\"wp-block-cover alignfull is-light has-parallax\" style=\"padding-top:var(--wp--preset--spacing--50);padding-right:var(--wp--preset--spacing--50);padding-bottom:var(--wp--preset--spacing--50);padding-left:var(--wp--preset--spacing--50);min-height:100vh;aspect-ratio:unset;\"><span aria-hidden=\"true\" class=\"wp-block-cover__background has-base-background-color has-background-dim-0 has-background-dim\"><\/span><div role=\"img\" class=\"wp-block-cover__image-background wp-image-930 has-parallax\" style=\"background-position:50% 50%;background-image:url(https:\/\/lpv.edu.co\/web\/wp-content\/uploads\/2024\/05\/DSC_0599-scaled-1.jpg)\"><\/div><div class=\"wp-block-cover__inner-container has-global-padding is-layout-constrained wp-container-core-cover-is-layout-1 wp-block-cover-is-layout-constrained\">\n<div style=\"height:500px\" aria-hidden=\"true\" class=\"wp-block-spacer\"><\/div>\n<\/div><\/div>\n\n\n\n<div class=\"wp-block-group alignfull bg-pattern has-base-color has-accent-background-color has-text-color has-background has-link-color wp-elements-8bc8cd8c27bfc5a553d4a0ee50c5cfcf has-global-padding is-layout-constrained wp-container-core-group-is-layout-7 wp-block-group-is-layout-constrained\" style=\"margin-top:0;margin-bottom:0;padding-top:var(--wp--preset--spacing--60);padding-right:var(--wp--preset--spacing--60);padding-bottom:var(--wp--preset--spacing--60);padding-left:var(--wp--preset--spacing--60)\">\n<div class=\"wp-block-group alignwide is-layout-flow wp-block-group-is-layout-flow\">\n<div style=\"height:var(--wp--preset--spacing--50)\" aria-hidden=\"true\" class=\"wp-block-spacer\"><\/div>\n\n\n\n<p class=\"has-text-align-center has-heading-font-family has-x-large-font-size\" style=\"font-style:normal;font-weight:400;line-height:1.2\">Aprendizaje biling\u00fce, art\u00edstico, deportivo y tecnol\u00f3gico<\/p>\n\n\n\n<div style=\"height:var(--wp--preset--spacing--50)\" aria-hidden=\"true\" class=\"wp-block-spacer\"><\/div>\n<\/div>\n<\/div>\n\n\n\n<div style=\"height:32px\" aria-hidden=\"true\" class=\"wp-block-spacer wave-bottom-green bg-white\"><\/div>\n\n\n\n<div class=\"wp-block-group alignfull bg-texture-lpv-right has-global-padding is-layout-constrained wp-block-group-is-layout-constrained\">\n<div class=\"wp-block-group alignfull has-global-padding is-layout-constrained wp-container-core-group-is-layout-8 wp-block-group-is-layout-constrained\" style=\"margin-top:0;margin-bottom:0;padding-top:var(--wp--preset--spacing--50);padding-right:var(--wp--preset--spacing--50);padding-bottom:var(--wp--preset--spacing--50);padding-left:var(--wp--preset--spacing--50)\">\n<figure class=\"wp-block-image alignwide size-large is-style-rounded is-style-rounded--2\"><img loading=\"lazy\" decoding=\"async\" width=\"1024\" height=\"683\" src=\"https:\/\/lpv.edu.co\/web\/wp-content\/uploads\/2024\/05\/DSC_0641-1024x683.jpg\" alt=\"\" class=\"wp-image-931\" srcset=\"https:\/\/liceopinoverde.edu.co\/wp-content\/uploads\/2024\/05\/DSC_0641-1024x683.jpg 1024w, https:\/\/liceopinoverde.edu.co\/wp-content\/uploads\/2024\/05\/DSC_0641-300x200.jpg 300w, https:\/\/liceopinoverde.edu.co\/wp-content\/uploads\/2024\/05\/DSC_0641-768x512.jpg 768w, https:\/\/liceopinoverde.edu.co\/wp-content\/uploads\/2024\/05\/DSC_0641-1536x1024.jpg 1536w, https:\/\/liceopinoverde.edu.co\/wp-content\/uploads\/2024\/05\/DSC_0641.jpg 1620w\" sizes=\"auto, (max-width: 1024px) 100vw, 1024px\" \/><\/figure>\n<\/div>\n\n\n\n<div class=\"wp-block-group has-global-padding is-layout-constrained wp-block-group-is-layout-constrained\">\n<p class=\"has-x-large-font-size\" style=\"line-height:1.2\">Excelencia acad\u00e9mica y preparaci\u00f3n para los desaf\u00edos del mundo moderno, con un enfoque pedag\u00f3gico que se basa en el aprendizaje transdisciplinario.<\/p>\n\n\n\n<div style=\"height:48px\" aria-hidden=\"true\" class=\"wp-block-spacer\"><\/div>\n\n\n\n<div class=\"wp-block-columns is-layout-flex wp-container-core-columns-is-layout-2 wp-block-columns-is-layout-flex\">\n<div class=\"wp-block-column is-layout-flow wp-block-column-is-layout-flow\">\n<p class=\"has-large-font-size\" style=\"font-style:normal;font-weight:500;line-height:1.2\">Familias<\/p>\n\n\n\n<p class=\"has-medium-font-size\">Para crear los aprendizajes perdurables, las familias Pino Verde hacen parte fundamental del desarrollo de las experiencias; dentro de nuestras unidades de indagaci\u00f3n generamos espacios para que los padres est\u00e9n vinculados de manera permanente y posibiliten las conexiones con el contexto de los ni\u00f1os.<\/p>\n<\/div>\n\n\n\n<div class=\"wp-block-column is-layout-flow wp-block-column-is-layout-flow\">\n<p class=\"has-large-font-size\" style=\"font-style:normal;font-weight:500;line-height:1.2\">Equipo<\/p>\n\n\n\n<p>Estamos convencidos del trabajo en equipo para conseguir los resultados que como comunidad nos une, de esta manera paso a paso construimos historia en nuestra regi\u00f3n y extendemos nuestra responsabilidad, conscientes de la b\u00fasqueda de una realidad mejor para todos.<\/p>\n<\/div>\n<\/div>\n<\/div>\n\n\n\n<div class=\"wp-block-group school-level-equivalence-block has-global-padding is-layout-constrained wp-block-group-is-layout-constrained\">\n<h2 class=\"wp-block-heading\">Equivalencia y Alineaci\u00f3n Curricular<\/h2>\n\n\n\n<p>La nomenclatura del Liceo Pino Verde est\u00e1 dise\u00f1ada para alinear los programas acad\u00e9micos con los est\u00e1ndares del Bachillerato Internacional (IB), al tiempo que se cumplen con los requisitos establecidos por el Ministerio de Educaci\u00f3n Nacional (MEN). Esta integraci\u00f3n asegura que los estudiantes reciban una educaci\u00f3n de calidad que cumpla con los est\u00e1ndares globales y nacionales. A continuaci\u00f3n, presentamos la equivalencia de grados entre el Ministerio de Educaci\u00f3n Nacional (MEN), el Liceo Pino Verde y el Bachillerato Internacional (IB):<\/p>\n\n\n\n<figure data-wp-context=\"{&quot;imageId&quot;:&quot;69d583fd41c81&quot;}\" data-wp-interactive=\"core\/image\" class=\"wp-block-image size-large wp-lightbox-container\"><img loading=\"lazy\" decoding=\"async\" width=\"1024\" height=\"683\" data-wp-class--hide=\"state.isContentHidden\" data-wp-class--show=\"state.isContentVisible\" data-wp-init=\"callbacks.setButtonStyles\" data-wp-on-async--click=\"actions.showLightbox\" data-wp-on-async--load=\"callbacks.setButtonStyles\" data-wp-on-async-window--resize=\"callbacks.setButtonStyles\" src=\"https:\/\/lpv.edu.co\/web\/wp-content\/uploads\/2024\/08\/men_lpv_ib_table-1024x683.png\" alt=\"\" class=\"wp-image-2828\" srcset=\"https:\/\/liceopinoverde.edu.co\/wp-content\/uploads\/2024\/08\/men_lpv_ib_table-1024x683.png 1024w, https:\/\/liceopinoverde.edu.co\/wp-content\/uploads\/2024\/08\/men_lpv_ib_table-300x200.png 300w, https:\/\/liceopinoverde.edu.co\/wp-content\/uploads\/2024\/08\/men_lpv_ib_table-768x512.png 768w, https:\/\/liceopinoverde.edu.co\/wp-content\/uploads\/2024\/08\/men_lpv_ib_table.png 1347w\" sizes=\"auto, (max-width: 1024px) 100vw, 1024px\" \/><button\n\t\t\tclass=\"lightbox-trigger\"\n\t\t\ttype=\"button\"\n\t\t\taria-haspopup=\"dialog\"\n\t\t\taria-label=\"Ampliar la imagen\"\n\t\t\tdata-wp-init=\"callbacks.initTriggerButton\"\n\t\t\tdata-wp-on-async--click=\"actions.showLightbox\"\n\t\t\tdata-wp-style--right=\"state.imageButtonRight\"\n\t\t\tdata-wp-style--top=\"state.imageButtonTop\"\n\t\t>\n\t\t\t<svg xmlns=\"http:\/\/www.w3.org\/2000\/svg\" width=\"12\" height=\"12\" fill=\"none\" viewBox=\"0 0 12 12\">\n\t\t\t\t<path fill=\"#fff\" d=\"M2 0a2 2 0 0 0-2 2v2h1.5V2a.5.5 0 0 1 .5-.5h2V0H2Zm2 10.5H2a.5.5 0 0 1-.5-.5V8H0v2a2 2 0 0 0 2 2h2v-1.5ZM8 12v-1.5h2a.5.5 0 0 0 .5-.5V8H12v2a2 2 0 0 1-2 2H8Zm2-12a2 2 0 0 1 2 2v2h-1.5V2a.5.5 0 0 0-.5-.5H8V0h2Z\" \/>\n\t\t\t<\/svg>\n\t\t<\/button><\/figure>\n<\/div>\n<\/div>\n\n\n\n<div style=\"height:100px\" aria-hidden=\"true\" class=\"wp-block-spacer\"><\/div>\n","protected":false},"excerpt":{"rendered":"<p>Abre sus puertas desde el grado 2\u00ba hasta el grado 5\u00ba, para ni\u00f1os y ni\u00f1as entre edades de 7 a 11 a\u00f1os Somos Colegio del Mundo del IB Programa destinado a alumnos de 3 a 12 a\u00f1os y les permite formarse y desarrollarse para expresar sus opiniones, realizar elecciones y asumir responsabilidades respecto de su [&hellip;]<\/p>\n","protected":false},"author":1,"featured_media":928,"parent":0,"menu_order":0,"comment_status":"closed","ping_status":"closed","template":"","meta":{"footnotes":""},"class_list":["post-923","page","type-page","status-publish","has-post-thumbnail","hentry"],"jetpack_sharing_enabled":true,"_links":{"self":[{"href":"https:\/\/liceopinoverde.edu.co\/index.php\/wp-json\/wp\/v2\/pages\/923","targetHints":{"allow":["GET"]}}],"collection":[{"href":"https:\/\/liceopinoverde.edu.co\/index.php\/wp-json\/wp\/v2\/pages"}],"about":[{"href":"https:\/\/liceopinoverde.edu.co\/index.php\/wp-json\/wp\/v2\/types\/page"}],"author":[{"embeddable":true,"href":"https:\/\/liceopinoverde.edu.co\/index.php\/wp-json\/wp\/v2\/users\/1"}],"replies":[{"embeddable":true,"href":"https:\/\/liceopinoverde.edu.co\/index.php\/wp-json\/wp\/v2\/comments?post=923"}],"version-history":[{"count":15,"href":"https:\/\/liceopinoverde.edu.co\/index.php\/wp-json\/wp\/v2\/pages\/923\/revisions"}],"predecessor-version":[{"id":2832,"href":"https:\/\/liceopinoverde.edu.co\/index.php\/wp-json\/wp\/v2\/pages\/923\/revisions\/2832"}],"wp:featuredmedia":[{"embeddable":true,"href":"https:\/\/liceopinoverde.edu.co\/index.php\/wp-json\/wp\/v2\/media\/928"}],"wp:attachment":[{"href":"https:\/\/liceopinoverde.edu.co\/index.php\/wp-json\/wp\/v2\/media?parent=923"}],"curies":[{"name":"wp","href":"https:\/\/api.w.org\/{rel}","templated":true}]}}